{"id":59034,"date":"2026-02-05T17:04:50","date_gmt":"2026-02-05T16:04:50","guid":{"rendered":"https:\/\/alertes-meteo.com\/?page_id=59034"},"modified":"2026-02-06T07:58:27","modified_gmt":"2026-02-06T06:58:27","slug":"europe1-j0","status":"publish","type":"page","link":"https:\/\/alertes-meteo.com\/index.php\/cartes-meteo\/europe1-j0\/","title":{"rendered":"europe1-J0"},"content":{"rendered":"<div class=\"fusion-fullwidth fullwidth-box fusion-builder-row-1 fusion-flex-container nonhundred-percent-fullwidth non-hundred-percent-height-scrolling\" style=\"--awb-border-radius-top-left:0px;--awb-border-radius-top-right:0px;--awb-border-radius-bottom-right:0px;--awb-border-radius-bottom-left:0px;--awb-flex-wrap:wrap;\" ><div class=\"fusion-builder-row fusion-row fusion-flex-align-items-flex-start fusion-flex-content-wrap\" style=\"max-width:1302px;margin-left: calc(-5% \/ 2 );margin-right: calc(-5% \/ 2 );\"><div class=\"fusion-layout-column fusion_builder_column fusion-builder-column-0 fusion_builder_column_3_4 3_4 fusion-flex-column\" style=\"--awb-bg-blend:overlay;--awb-bg-size:cover;--awb-width-large:75%;--awb-margin-top-large:0px;--awb-spacing-right-large:3.1666666666667%;--awb-margin-bottom-large:0px;--awb-spacing-left-large:3.1666666666667%;--awb-width-medium:75%;--awb-spacing-right-medium:3.1666666666667%;--awb-spacing-left-medium:3.1666666666667%;--awb-width-small:100%;--awb-spacing-right-small:2.375%;--awb-spacing-left-small:2.375%;\"><div class=\"fusion-column-wrapper fusion-flex-justify-content-flex-start fusion-content-layout-column\">Carte pour JO matin et JO apr\u00e8s-midi<iframe class=\"lazyload\" \n    src=\"data:image\/svg+xml,%3Csvg%20xmlns%3D%27http%3A%2F%2Fwww.w3.org%2F2000%2Fsvg%27%20width%3D%27100%27%20height%3D%271900%27%20viewBox%3D%270%200%20100%201900%27%3E%3Crect%20width%3D%27100%27%20height%3D%271900%27%20fill-opacity%3D%220%22%2F%3E%3C%2Fsvg%3E\" data-orig-src=\"https:\/\/docs.google.com\/viewer?url=https:\/\/www.meteo-pro.fr\/europe1\/FranceJ0-Matin-AM.pdf&embedded=true\" \n    width=\"100%\" \n    height=\"1900px\" \n    style=\"border: none;\">\n<\/iframe><!DOCTYPE html>\n<html lang=\"fr\">\n<head>\n    <meta charset=\"UTF-8\">\n    <title>Impression M\u00e9t\u00e9o<\/title>\n    <style>\n        \/* Style simple pour le bouton *\/\n        .btn-print {\n            background-color: #007bff;\n            color: white;\n            padding: 10px 20px;\n            border: none;\n            border-radius: 5px;\n            cursor: pointer;\n            font-size: 16px;\n        }\n        .btn-print:hover {\n            background-color: #0056b3;\n        }\n    <\/style>\n<\/head>\n<body>\n\n    <!-- Le bouton qui d\u00e9clenche l'action -->\n    <button class=\"btn-print\" onclick=\"imprimerPDF()\">\n        Imprimer le Bulletin M\u00e9t\u00e9o\n    <\/button>\n\n    <script>\n        function imprimerPDF() {\n            \/\/ URL du fichier PDF\n            const url = 'https:\/\/www.meteo-pro.fr\/europe1\/FranceJ0-Matin-AM.pdf';\n            \n            \/\/ 1. Cr\u00e9er une iframe invisible\n            const iframe = document.createElement('iframe');\n            iframe.style.visibility = 'hidden'; \n            iframe.style.position = 'fixed';\n            iframe.style.right = '0';\n            iframe.style.bottom = '0';\n            \n            \/\/ 2. Assigner l'URL du PDF\n            iframe.src = url;\n            \n            \/\/ 3. Ajouter l'iframe \u00e0 la page\n            document.body.appendChild(iframe);\n            \n            \/\/ 4. Attendre le chargement pour lancer l'impression\n            iframe.onload = function() {\n                try {\n                    iframe.contentWindow.focus();\n                    iframe.contentWindow.print();\n                } catch (e) {\n                    \/\/ Fallback : Si la s\u00e9curit\u00e9 du navigateur bloque l'impression automatique (CORS)\n                    console.warn(\"Impression directe bloqu\u00e9e par le navigateur, ouverture dans un nouvel onglet.\");\n                    window.open(url, '_blank');\n                }\n            };\n        }\n    <\/script>\n\n<\/body>\n<\/html><\/div><\/div><\/div><\/div>\n","protected":false},"excerpt":{"rendered":"","protected":false},"author":1,"featured_media":0,"parent":14485,"menu_order":0,"comment_status":"closed","ping_status":"closed","template":"","meta":{"_seopress_robots_primary_cat":"","_seopress_titles_title":"%%post_title%% %%sitetitle%% %%sep%%","_seopress_titles_desc":"Cartes radar : Temp\u00e9ratures pressions direction du vent en temps r\u00e9el - orage en temps r\u00e9el - pluie en direct - Direction et forces des vents en direct.","_seopress_robots_index":"","footnotes":""},"class_list":["post-59034","page","type-page","status-publish","hentry"],"_links":{"self":[{"href":"https:\/\/alertes-meteo.com\/index.php\/wp-json\/wp\/v2\/pages\/59034","targetHints":{"allow":["GET"]}}],"collection":[{"href":"https:\/\/alertes-meteo.com\/index.php\/wp-json\/wp\/v2\/pages"}],"about":[{"href":"https:\/\/alertes-meteo.com\/index.php\/wp-json\/wp\/v2\/types\/page"}],"author":[{"embeddable":true,"href":"https:\/\/alertes-meteo.com\/index.php\/wp-json\/wp\/v2\/users\/1"}],"replies":[{"embeddable":true,"href":"https:\/\/alertes-meteo.com\/index.php\/wp-json\/wp\/v2\/comments?post=59034"}],"version-history":[{"count":18,"href":"https:\/\/alertes-meteo.com\/index.php\/wp-json\/wp\/v2\/pages\/59034\/revisions"}],"predecessor-version":[{"id":59052,"href":"https:\/\/alertes-meteo.com\/index.php\/wp-json\/wp\/v2\/pages\/59034\/revisions\/59052"}],"up":[{"embeddable":true,"href":"https:\/\/alertes-meteo.com\/index.php\/wp-json\/wp\/v2\/pages\/14485"}],"wp:attachment":[{"href":"https:\/\/alertes-meteo.com\/index.php\/wp-json\/wp\/v2\/media?parent=59034"}],"curies":[{"name":"wp","href":"https:\/\/api.w.org\/{rel}","templated":true}]}}